l - 7 + 27 = 0. Let d = b + l. What is the tens digit of d?
1
Let o = -3 - -4. Let l(d) = 6*d + 2*d - 2*d - o. What is the units digit of l(1)?
5
Suppose o - g = -o + 3, -4*o + 4*g = -4. Suppose o*c - 4 = 0, 5*n - c = -5*c + 243. What is the units digit of n?
7
Let t = 64 - 110. Let v = t - -80. What is the units digit of v?
4
Let o(w) = -7*w + 3. Let r(z) = -20*z + 10. Let i(h) = 7*o(h) - 2*r(h). Let x be i(-1). Suppose -20 = -5*g + x. What is the units digit of g?
6
Let r = 34 + -17. Suppose -5*g + 60 = q, g - r = -g + q. What is the tens digit of g?
1
Suppose -33 = -3*r + i, 4*r + 2*i = -0*r + 54. What is the tens digit of r?
1
Suppose -3*u = -0*u. Let b = -2 + u. Let y = 7 + b. What is the units digit of y?
5
Suppose -4*i = -i + 12. Let a = -2 - i. Suppose -5*u + 3 = -a*u. What is the units digit of u?
1
Suppose -i = -5*h - 30, 2*i - 5*i = -2*h - 25. Suppose -i*q = -10 - 0. What is the units digit of q?
2
Let i(h) = h**3 - 9*h**2 - 4*h - 3. What is the tens digit of i(10)?
5
Let d(f) = -5 + 0*f + 10*f + 11*f**2 + f**3 + 7. Let l be d(-10). What is the units digit of 8/2 + l*-1?
2
Suppose -3*d + 4 = -d. Suppose 0 = 3*j - d - 1. Let f = 0 + j. What is the units digit of f?
1
Suppose b = 2*b + 8. Let z = b - -12. What is the units digit of z?
4
Suppose 2*u = -3*u - 15. Let y = u + 8. What is the units digit of y?
5
Suppose -4*l + 17 = -7. What is the tens digit of (-1 - (-9)/l)*36?
1
Let g(t) = t**2 + 4*t - 5. Let z be g(-6). Suppose -w = 2 - z. Suppose -w*a = -3*a - 28. What is the units digit of a?
4
Let h(m) = 11*m + 50. What is the tens digit of h(14)?
0
What is the tens digit of ((-51)/3)/(1/(3 - 4))?
1
Let l(g) = g - 3*g - 3*g**2 + 4*g**2. Let k = -37 + 41. What is the units digit of l(k)?
8
Let g = -1 + 0. What is the tens digit of (-2 - -3)*(-21)/g?
2
Suppose 5*s - 84 = 96. What is the tens digit of s?
3
Suppose 0 = -4*v + 2*v + 6. What is the units digit of v?
3
Let y(l) = l**2 + 7*l + 22. What is the tens digit of y(-15)?
4
Let u(r) = -13*r**3 + 2*r**2 - 1. Let v be u(1). Let i = v + 28. What is the units digit of i?
6
Suppose o = 5*o - 608. What is the tens digit of o?
5
Suppose h - 3*h = 4*y - 124, h = y - 28. Suppose y = -v - 49. What is the units digit of (-3)/18 + v/(-6)?
3
Suppose -19 - 1 = -5*x. Let u(q) = -12*q + x - 5 + 3 - 1. What is the tens digit of u(-1)?
1
Let z = -2 - -5. Suppose -l + 2*r = l + 10, 2*l - 10 = -z*r. What is the units digit of (10/4)/(l/(-2))?
5
Let q(i) = -i**3 + 8*i**2 + 16*i - 13. Suppose 4*f - 34 = -5*p, 0*f - f + 26 = 3*p. Let a be q(p). Let r = -36 - a. What is the tens digit of r?
1
Suppose q - 5 + 6 = 0. What is the units digit of (10/30)/(q/(-66))?
2
Suppose -24 = 6*d - 2*d. Let c(m) = -2*m - 2. Let f be c(-2). What is the units digit of (f/d)/(4/(-72))?
6
Let n be 34/6 - (-5)/15. Let b(y) = 3*y - 5. What is the units digit of b(n)?
3
Let a(s) = s**2 + 4*s + 1. Let o(c) = c**2 + 3*c - 5. Let u be o(-5). Let m = 0 - u. What is the units digit of a(m)?
6
Let p(s) = 13*s - 3. What is the units digit of p(5)?
2
Let y be 8 + 3/((-3)/(-1)). Suppose n - y = -4*f, f = -f + 4*n. Suppose -f*g + 1 + 7 = 0, 4*b - 3*g - 44 = 0. What is the tens digit of b?
1
Let g = 0 + 0. Let f = 3 - g. What is the units digit of f?
3
Suppose -9 = 4*u - 21. Let v(l) = -l**u - 5 + 9 + 7 - l + 0*l. What is the units digit of v(0)?
1
What is the units digit of ((-19)/(-38))/(1/436)?
8
What is the units digit of 45/7 - (-18)/(-42)?
6
Let x(z) = 3*z + 1. Let w be x(3). Let n = 0 + w. Suppose -8 = -2*l + n. What is the units digit of l?
9
Suppose -4*x = -86 + 14. Suppose -5*u = -2*u - x. Let a = u + 1. What is the units digit of a?
7
Let x be 1/(-1) - (-11 - 1). Suppose 3*s - 2 = -x. What is the units digit of 3/(-9) - 10/s?
3
Let f(v) = 2*v**3 - 4*v**2 + v - 2. Let i be f(3). Suppose 4*t - i - 21 = 0. What is the units digit of t?
0
What is the hundreds digit of 10/40 - (-4)/((-32)/(-2142))?
2
Let j(q) = -1 - 3 + 2*q + 3*q. What is the units digit of j(2)?
6
Let h = 0 + -1. What is the units digit of h*(-3)/(-9)*-18?
6
Let z = 3 - -5. Suppose -4*i - n = -29, i + z + 1 = 3*n. What is the units digit of i?
6
Let j be 1/((-1)/(-46) + 0). Let h be (-4)/16 - j/8. What is the units digit of (-85)/(-15) + (-2)/h?
6
What is the tens digit of ((-5)/(-10))/((-2)/4) - -95?
9
Suppose -5 = -3*u + 1. What is the tens digit of (u - 52/(-16))*8?
4
Let n(o) = o. Let d be n(4). Suppose -4*v + k + 8 = 5*k, -k = -d*v + 28. What is the units digit of v?
6
Let q(y) = -7*y + 4. Let z be q(4). Let s = 58 + z. What is the tens digit of s?
3
Suppose -2*a + 8 + 70 = 0. What is the units digit of a?
9
Let q be 1/(1 - 54/56). Suppose 0 = 4*l - 2*c + 5*c - 33, 3*l = c + q. What is the units digit of l?
9
Let p(i) = 7*i. Let g(q) = 2*q**2 + 3*q + 3. Let y be g(-2). Suppose -4*d + 0*d + 2*k + 20 = 0, 0 = y*d - 3*k - 27. What is the units digit of p(d)?
1
Suppose 5*d - 10 - 20 = 0. Let y(k) = k**2 - 9*k + 8. Let z be y(d). What is the units digit of -2 - (1 + -1 + z)?
8
Suppose 8*n - 3*n - 90 = 0. Let k = n - -17. Suppose 7*w - 2*w = k. What is the units digit of w?
7
Let y = -17 + 30. Let k = y + -9. Let h(c) = c**2 - 4*c + 5. What is the units digit of h(k)?
5
Suppose 48 = 4*x - 2*x. Suppose -3*g + 9 = 3*w, -5*w = 3*g - 7*g - x. Let o = g - -16. What is the tens digit of o?
1
Suppose -u = 3*y - 54, 0 = 4*y - 6*u + 7*u - 71. What is the tens digit of y?
1
Suppose -3*h = -5*h. Suppose -r + 24 = -h*r. What is the units digit of (2 + 0)/(3/r)?
6
Let z(d) = -d + 11. Let k = 1 + -1. Let m = k - -6. What is the units digit of z(m)?
5
Let i(y) be the second derivative of y**5/20 - y**3/6 + 5*y**2 + 3*y. What is the units digit of i(0)?
0
Suppose 0 = 3*a + 2*a - 20. Suppose -20 = 4*g - a. What is the units digit of g/((-16)/6)*4?
6
Let n(k) = -k**3 - k**2 - k. Let q be n(-1). Suppose -3*j = -2*j - q. Let b(m) = 2*m. What is the units digit of b(j)?
2
Let a(t) = 82*t**3 + t**2. Let c be a(-1). Let x = 125 + c. Suppose 3*u = -0*u - d + x, d + 47 = 4*u. What is the tens digit of u?
1
Let c = 2 + 2. Suppose 11 = -2*u - 2*w + 5, -w = -4*u + 3. What is the units digit of c*(u - 2/(-4))?
2
What is the units digit of (-26 + 3)/(-5 + 4)?
3
Let l(z) = 2*z**2 + 12*z - 34. What is the units digit of l(-12)?
0
Let y(a) = -a**3 - 9*a**2 - 8*a - 7. Let h be y(-8). What is the units digit of (-2)/(-4) - h/14?
1
Suppose -2*f - f + 15 = 0. Suppose -3*v + f*j + 99 = 0, v + 4*j = 3*j + 41. What is the units digit of v/14 + 8/28?
3
Suppose 4*f - 34 = -2*j, -2*j + 0*f + 20 = -3*f. Let p = j - 8. What is the units digit of p?
5
Suppose -3*t - 2*t - 30 = r, -2*r - 42 = 4*t. Suppose -27 - 15 = 2*s. Let p = r - s. What is the units digit of p?
6
Let k(z) = -z**2 - 13*z - 4. What is the tens digit of k(-9)?
3
What is the tens digit of (-1)/2 + (-175)/(-10)?
1
Let m(h) = 0*h**3 + 2*h**3 + h + 5 - h**2 + 0*h**2 - h**3. Let p be m(0). Suppose p - 1 = 2*t. What is the units digit of t?
2
Suppose 7*m - 3*m = 56. What is the tens digit of m?
1
Let a(z) = -10*z - 3. Let s be a(-5). Let u = s + -24. What is the units digit of u?
3
Suppose i - 5*i - 5*p = 5, 5*i + 3 = -3*p. Let x(m) = -m - 4. Let s be x(i). What is the units digit of 4/16 - 3/s?
1
Let y be 2/4*-1*-2. Suppose -t + 5 = 5*h, 3*t + 3*h = 2*h + y. Let w = 3 - t. What is the units digit of w?
3
Suppose 0 = 4*x + 2*b, -b + 5 = -4*x - 7. Let c be (-1)/x*(9 - 1). Suppose -2*g - 30 = -4*g + c*s, s = 2*g - 21. What is the units digit of g?
9
Suppose 2*s - 5 = -1. Suppose -s*f = 5*k - 5*f - 233, 4*k - 3*f = 187. What is the units digit of k?
6
Suppose -d = -6*d + 240. What is the tens digit of d?
4
Let q(a) = 1 + a + 0*a + 0*a + 10. Let p be (-26)/2 + -2 + 5. What is the units digit of q(p)?
1
Let p(i) be the third derivative of -i**6/120 - i**4/24 - i**2. Let r be p(-1). Suppose -r*g + k + 24 = 0, -3*k = -0*k. What is the units digit of g?
2
Let l = 2 - -2. Suppose 0 = f - 0*f + l, 2*q - 4*f - 20 = 0. What is the units digit of q?
2
Let z(c) = -c**2 + 7*c + 10. Let k be z(8). Suppose 0 = -0*m - k*m + 50. Let b = m + -16. What is the units digit of b?
9
Suppose 0 = 4*n - 24 - 16. Let f = 2 + n. What is the tens digit of f?
1
Let s(h) be the second derivative of -1/2*h**2 - 5/12*h**4 + 0 + h - 1/6*h**3 - 1/20*h**5. What is the units digit of s